{"id":17032,"date":"2026-05-11T08:51:59","date_gmt":"2026-05-11T06:51:59","guid":{"rendered":"https:\/\/www.lahenlehti.net\/?page_id=17032"},"modified":"2026-05-11T08:51:59","modified_gmt":"2026-05-11T06:51:59","slug":"yksityiskohtia-kuvapareja-osa-2-tulossa","status":"publish","type":"page","link":"https:\/\/www.lahenlehti.net\/?page_id=17032","title":{"rendered":"Yksityiskohtia \u2013 kuvapareja osa 2 (tulossa)"},"content":{"rendered":"\n<p class=\"has-text-align-center\"><strong>Yksityiskohtia \u2013 kuvapareja osa 2 <\/strong>(PP-KI-19)<br>Sis\u00e4lt\u00e4\u00e4 Sauli Hirvosen valokuvia.<br>Julkaisu 2027<br>Sivum\u00e4\u00e4r\u00e4<br>Pehme\u00e4kantinen<br>Koko 210 x 210<br>Valokuvat ja taitto: Sauli Hirvonen<br><br>ISBN\u00a0<br><br>TILAA KIRJA<br><br>\u2014\u2014\u2014\u2014\u2014\u2014\u2014\u2014\u2014\u2014\u2014\u2014\u2014\u2014\u2014\u2014\u2014\u2014\u2014\u2014<br><br><strong>Esittely<\/strong><br><br>Yksityiskohtia<strong>\u00a0<\/strong>on valokuvakirja, jossa aukeaman kaksi kuvaa muodostavat kokonaisuuden. Kirjasarjan toinen osa.<\/p>\n\n\n\n<p><\/p>\n","protected":false},"excerpt":{"rendered":"<p>Yksityiskohtia \u2013 kuvapareja osa 2 (PP-KI-19)Sis\u00e4lt\u00e4\u00e4 Sauli Hirvosen valokuvia.Julkaisu 2027Sivum\u00e4\u00e4r\u00e4Pehme\u00e4kantinenKoko 210 x 210Valokuvat ja taitto: Sauli Hirvonen ISBN\u00a0 TILAA KIRJA \u2014\u2014\u2014\u2014\u2014\u2014\u2014\u2014\u2014\u2014\u2014\u2014\u2014\u2014\u2014\u2014\u2014\u2014\u2014\u2014 Esittely Yksityiskohtia\u00a0on valokuvakirja, jossa aukeaman kaksi kuvaa muodostavat kokonaisuuden. Kirjasarjan toinen osa.<\/p>\n","protected":false},"author":1,"featured_media":0,"parent":0,"menu_order":0,"comment_status":"closed","ping_status":"closed","template":"","meta":{"footnotes":""},"class_list":["post-17032","page","type-page","status-publish","hentry"],"_links":{"self":[{"href":"https:\/\/www.lahenlehti.net\/index.php?rest_route=\/wp\/v2\/pages\/17032","targetHints":{"allow":["GET"]}}],"collection":[{"href":"https:\/\/www.lahenlehti.net\/index.php?rest_route=\/wp\/v2\/pages"}],"about":[{"href":"https:\/\/www.lahenlehti.net\/index.php?rest_route=\/wp\/v2\/types\/page"}],"author":[{"embeddable":true,"href":"https:\/\/www.lahenlehti.net\/index.php?rest_route=\/wp\/v2\/users\/1"}],"replies":[{"embeddable":true,"href":"https:\/\/www.lahenlehti.net\/index.php?rest_route=%2Fwp%2Fv2%2Fcomments&post=17032"}],"version-history":[{"count":1,"href":"https:\/\/www.lahenlehti.net\/index.php?rest_route=\/wp\/v2\/pages\/17032\/revisions"}],"predecessor-version":[{"id":17033,"href":"https:\/\/www.lahenlehti.net\/index.php?rest_route=\/wp\/v2\/pages\/17032\/revisions\/17033"}],"wp:attachment":[{"href":"https:\/\/www.lahenlehti.net\/index.php?rest_route=%2Fwp%2Fv2%2Fmedia&parent=17032"}],"curies":[{"name":"wp","href":"https:\/\/api.w.org\/{rel}","templated":true}]}}